. What is l(3)?
-27
Let w(u) = -u**2 + 7*u - 8. Calculate w(7).
-8
Let p(q) = -q**2 - 20*q + 55. Give p(-23).
-14
Let q(l) = l**3 + 16*l**2 + 15*l + 21. Determine q(-15).
21
Let s(t) = -t**2 - 11*t - 6. What is s(-6)?
24
Let a(p) = -p**3 + 5*p**2 + 6*p + 3. Determine a(6).
3
Let f(u) = u**2 - 10*u - 12. Calculate f(11).
-1
Let i(d) = -d**2 + 9*d + 10. Determine i(8).
18
Let q(n) = n**3 + 5*n**2 + 8*n + 24. Give q(-3).
18
Let k(y) = -y - 28. Give k(-12).
-16
Let m(g) = 124*g + 16. Calculate m(-1).
-108
Let w(l) = -3*l + 24. Give w(10).
-6
Let f(g) = -6*g - 74. Determine f(-12).
-2
Let w(l) = -l**2 - 24*l - 107. What is w(-17)?
12
Let m(q) = -2*q + 7. What is m(3)?
1
Let p(a) = -a**3 - a**2 - 2*a - 3. Determine p(-2).
5
Let z(t) = t**2 + 13*t + 25. Give z(-13).
25
Let y(t) = t**3 - 15*t**2 + 19*t - 5. Calculate y(14).
65
Let o(v) = -5*v**3 + 10*v + 9. Determine o(-3).
114
Let x(g) = -3*g - 4. Calculate x(-6).
14
Let j(f) = -f**3 + 9*f**2 - 2*f - 12. Determine j(9).
-30
Let v(g) = g**3 + 10*g**2 - 27*g - 175. Determine v(-11).
1
Let q(g) = 3*g + 2. Calculate q(4).
14
Let n(b) = b**3 - 9*b**2 - 8*b - 33. What is n(10)?
-13
Let f(p) = p**3 + 16*p**2 + 13*p - 27. Calculate f(-15).
3
Let m(b) = -2*b**2 + 4*b + 22. What is m(0)?
22
Let w(a) = -2*a + 32. Determine w(15).
2
Let a(t) = -t**3 + 20*t**2 - 2*t + 47. Give a(20).
7
Let v(i) = -i**2 - 34*i + 44. Give v(-33).
77
Let a(k) = 3*k**2 + 4*k - 6. What is a(-5)?
49
Let z(m) = 3*m + 20. Determine z(-8).
-4
Let c(y) = -y**3 + 2*y**2 + 25*y + 6. Calculate c(0).
6
Let c(q) = -q**3 - 11*q**2 + 12*q + 9. Calculate c(-12).
9
Let q(z) = 2*z + 19. Determine q(-10).
-1
Let r(s) = -s + 17. Determine r(7).
10
Let z(l) = -l**3 - 7*l**2 + 18*l. Give z(-9).
0
Let u(z) = -44*z - 90. What is u(-2)?
-2
Let w(a) = a - 9. Determine w(5).
-4
Let m(g) = 3*g + 17. Give m(0).
17
Let t(l) = -2*l**2 + 13*l - 16. What is t(6)?
-10
Let t(a) = -4*a**2 - 3*a - 4. Calculate t(4).
-80
Let y(t) = 4*t + 1. Give y(1).
5
Let z(j) = 3*j + 7. Calculate z(10).
37
Let h(x) = 5*x**2 + 65*x - 14. What is h(-13)?
-14
Let y(k) = -k**3 - 13*k**2 + 11*k - 23. Determine y(-14).
19
Let q(f) = -2*f**2 - 4*f + 1. Give q(-4).
-15
Let k(f) = f - 29. Calculate k(15).
-14
Let a(l) = 2*l**2 - l - 2. Calculate a(-4).
34
Let h(y) = y**2 + 6*y + 11. Give h(-8).
27
Let z(k) = k**2 - 14*k + 41. Determine z(6).
-7
Let u(p) = -p**3 - 6*p**2 - p - 1. What is u(-6)?
5
Let d(k) = 4*k**2 - 130*k - 59. Give d(33).
7
Let k(d) = -3*d**2 + d + 7. Calculate k(4).
-37
Let z(g) = g**2 + 13*g - 7. Calculate z(-14).
7
Let i(u) = 4*u - 6. Give i(-8).
-38
Let z(g) = -g**2 + 7*g - 2. Calculate z(6).
4
Let d(i) = -i**3 + 11*i**2 - 8*i - 23. Determine d(10).
-3
Let a(u) = u**3 - 14*u**2 - 2*u - 10. What is a(14)?
-38
Let l(u) = u**2 - 12*u + 11. Calculate l(3).
-16
Let z(f) = -f**2 - 37*f - 138. What is z(-33)?
-6
Let w(p) = -2*p + 7. What is w(-11)?
29
Let k(w) = w**3 + 4*w**2 - 8*w - 17. What is k(-5)?
-2
Let w(q) = -8*q + 119. Calculate w(16).
-9
Let n(k) = -7*k - 64. Calculate n(-12).
20
Let r(c) = -c**3 + 3*c**2 + 10*c + 7. Calculate r(4).
31
Let i(k) = k**2 + 8*k - 54. Calculate i(-12).
-6
Let r(q) = q**3 - 6*q**2 + 15*q - 9. Give r(4).
19
Let y(h) = 7*h**3 + 14*h**2 - 13*h. Calculate y(1).
8
Let r(b) = -7*b + 30. Determine r(4).
2
Let q(g) = g**3 - 26*g**2 - 2*g + 44. Calculate q(26).
-8
Let d(l) = -5*l + 20. Give d(3).
5
Let y(b) = b**3 + 6*b**2 + 2*b + 2. Give y(-5).
17
Let h(m) = m + 8. What is h(-5)?
3
Let z(h) = -h**2 - 4*h + 42. Determine z(8).
-54
Let l(x) = -x**3 + 5*x**2 + x - 8. Calculate l(5).
-3
Let s(l) = -2*l - 2. Give s(-4).
6
Let o(f) = 2*f**2 + 39*f - 59. Determine o(-21).
4
Let f(r) = -3*r**2 + r. Calculate f(-1).
-4
Let n(f) = -f - 6. Calculate n(-2).
-4
Let c(n) = -n**3 - 16*n**2 + 28*n - 76. Calculate c(-18).
68
Let n(x) = x**3 + 6*x**2 - 5*x + 4. Give n(-7).
-10
Let y(w) = 3*w - 2. What is y(-7)?
-23
Let k(v) = -2*v**2 + 23*v - 51. Determine k(8).
5
Let k(y) = -y**3 + 10*y**2 + 15*y - 38. Determine k(11).
6
Let c(m) = -2*m**2 + 6*m - 1. Calculate c(5).
-21
Let c(a) = 2*a**2 - 14*a + 1. Calculate c(7).
1
Let i(q) = q - 9. Give i(5).
-4
Let v(l) = -l**3 - 3*l**2 - 31. What is v(-6)?
77
Let s(q) = -q**3 + 7*q**2 - 3*q + 103. Determine s(8).
15
Let h(f) = -2*f**2 + 8*f + 10. Calculate h(7).
-32
Let f(d) = 3*d**3 - 4*d + 3. Give f(2).
19
Let h(x) = -x**2 - 5*x + 41. Determine h(-9).
5
Let i(h) = -h**2 + 8*h + 5. Determine i(7).
12
Let k(r) = -r**2 - 14*r - 30. What is k(-10)?
10
Let r(g) = -5*g + 29. What is r(17)?
-56
Let j(x) = -2*x**3 + x**2 - 3*x - 1. Give j(3).
-55
Let i(c) = -c**2 - 9*c - 11. Determine i(-8).
-3
Let k(r) = -r**2 - 37*r - 2. Give k(-37).
-2
Let h(f) = -8*f - 4. What is h(4)?
-36
Let i(y) = 3*y**2 + 16*y - 14. Determine i(1).
5
Let m(r) = r**2 - 8*r - 62. Determine m(-5).
3
Let n(q) = q**3 - 15*q**2 + 13*q + 17. Calculate n(14).
3
Let o(x) = -x**3 - 4*x**2 - 4*x - 10. Calculate o(-3).
-7
Let f(w) = w. Calculate f(7).
7
Let s(x) = -x**2 + 17*x - 26. Give s(15).
4
Let m(u) = u**2 - 19*u - 30. Calculate m(20).
-10
Let b(x) = 2*x**2 + 8*x - 1. Give b(-4).
-1
Let y(m) = -m**2 - m + 67. Give y(8).
-5
Let d(y) = -8*y**3 + 2*y**2 - 3*y + 2. Calculate d(1).
-7
Let c(s) = -s. What is c(-9)?
9
Let j(h) = 9*h + 21. Determine j(-4).
-15
Let d(a) = -a**3 + 10*a**2 - 6*a - 39. Determine d(9).
-12
Let a(j) = -j**3 - 12*j**2 - 14*j - 9. Determine a(-11).
24
Let v(t) = 20*t + 1. Calculate v(-2).
-39
Let p(g) = -g**3 + 11*g**2 - 11*g + 6. What is p(10)?
-4
Let u(k) = -k**2 - 8*k - 2. Give u(-10).
-22
Let y(p) = p**2 + 5. Calculate y(4).
21
Let v(z) = z**3 - 9*z**2 - 2*z + 9. Determine v(9).
-9
Let w(i) = -4*i + 23. Determine w(6).
-1
Let t(c) = 6*c + 48. Calculate t(-10).
-12
Let g(k) = k**2 - 12*k + 13. Give g(12).
13
Let o(q) = 5*q + 146. What is o(-34)?
-24
Let q(m) = -m**2 + 6*m + 11. Give q(8).
-5
Let d(w) = w - 12. Give d(9).
-3
Let i(k) = -k**2 + 9*k - 16. Calculate i(8).
-8
Let k(j) = j**3 - 12*j**2 + 14*j - 8. Give k(11).
25
Let b(x) = 11*x + 12. Calculate b(-5).
-43
Let x(y) = -y**3 - 5*y**2 - 3*y + 8. What is x(-4)?
4
Let x(a) = -6*a + 12. What is x(4)?
-12
Let y(a) = 4*a + 85. What is y(-23)?
-7
Let u(q) = q**3 - 4*q**2 - 5*q + 9. Calculate u(5).
9
Let b(l) = -2*l**2 + 15*l - 1. Calculate b(7).
6
Let h(o) = -o - 20. Give h(-27).
7
Let p(m) = -m**3 + 13*m**2 + 13*m + 11. Give p(14).
-3
Let o(t) = 18*t + 3. What is o(-1)?
-15
Let n(l) = 2*l + 5. Determine n(-4).
-3
Let f(d) = -d**2 + 2*d + 118. Give f(0).
118
Let f(b) = b**2 - 17*b + 6. Determine f(17).
6
Let t(l) = -3*l - 30. Calculate t(-9).
-3
Let w(q) = -q**3 + 5*q**2 - q + 41. Calculate w(6).
-1
Let c(j) = -j**3 + 7*j**2 - j + 3. Give c(5).
48
Let p(j) = -3*j - 9. Determine p(-10).
21
Let d(p) = -2*p**2 - 7*p + 2. What is d(-5)?
-13
Let w(a) = a**3 + 2*a**2 - 2*a - 7. What is w(-5)?
-72
Let i(k) = k**3 + 6*k**2 - 13*k - 12. What is i(-8)?
-36
Let r(z) = z**2 - 2*z + 11. Calculate r(4).
19
Let o(k) = k**3 + 14*k**2 + 33*k + 90. Give o(-12).
-18
Let r(z) = z + 2. What is r(7)?
9
Let q(s) = -s**2 + 12*s - 15. Determine q(11).
-4
Let t(x) = x - 23. Determine t(-10).
-33
Let m(d) = -18*d**3 - d**2 - 2*d - 1. What is m(-1)?
18
Let n(p) = p**3 + 5*p**2 + 4*p - 1. What is n(-3)?
5
Let m(f) = -f**3 - 7*f**2 + 8*f - 2. Give m(-8).
-2
Let s(c) = -4*c**2 - 4*c - 6. What is s(-3)?
-30
Let q(l) = -l**2 - 22*l + 31. Calculate q(-23).
8
Let n(z) = z**2 + 47*z - 391. Determine n(7).
-13
Let o(a) = -5*a + 27. Determine o(11).
-28
Let o(c) = c**3 - 6*c**2 - 56*c + 8. Determine o(11).
-3
Let s(z) = 5*z**2 - 17*z + 4. Calculate s(3).
-2
Let o(j) = -j**2 + 15*j + 37. Give o(18).
-17
Let z(l) = -4*l - 1. Calculate z(-4).
15
Let g(t) = t**3 - 6*t**2 + 1. Determine g(3).
-26
Let x(q) = 36*q + 246. Determine x(-8).
-42
Let n(t) = t**3 - 22*t**2 - 135*t - 11. Give n(27).
-11
Let l(c) = 3*c + 10. Determine l(-6).
-8
Let g(i) = -9*i + 287. Give g(31).
8
Let t(u) = -u - 7. Calculate t(-6).
-1
Let u(g) = 5*g - 54. Determine u(11).
1
Let n(l) = 57*l - 9. What is n(-3)?
-180
Let r(u) = -u**3 - 16*u**2 + 35*u + 2. Calculate r(-18).
20
Let s(u) = u**3 - 3*u**2 + 3*u + 6. Calculate s(4).
34
Let v(b) = -2*b**2 + 11*b - 28. What is v(7)?
-49
Let v(m) = 77*m - 15. Calculate v(0).
-15
Let p(u) = -u**3 - 7*u**2 + 6. Calculat